s the tens digit of c?
1
Let j = 9 + -9. Let x(w) = -w + 8. What is the units digit of x(j)?
8
Suppose -5*u + 77 = -13. What is the tens digit of u?
1
Let u(d) = d**3 + 3*d**2 - 2*d + 1. What is the units digit of u(2)?
7
Let j be (2/5)/(2/30). Let x = j - -9. What is the units digit of x?
5
Suppose m + 4*m = 70. What is the units digit of m?
4
Let y = -6 + 11. Suppose 0 = -y*c + 25 - 5, c - 1 = t. Suppose -t*b + 8*v = 3*v - 28, 16 = 4*b + 4*v. What is the units digit of b?
6
Let d be (-3)/(2*9/(-60)). Let k = 19 - d. What is the units digit of k?
9
Suppose -4*o + u = -70, o - 22 = -4*u + 4. What is the tens digit of o?
1
Let x = 6 - -4. What is the units digit of (88/x)/((-3)/(-15))?
4
Suppose -5*o + 37 + 23 = 5*m, -2*m = 0. Let v(c) = 7*c - 6. Let y be v(4). Let u = y - o. What is the units digit of u?
0
Let m be (0 + 2)/((-3)/24). Let c = m + 23. Let p = 21 - c. What is the tens digit of p?
1
Let f be (2 - 0) + -2 - -28. What is the units digit of (f/(-1 - -2))/2?
4
Let k = 336 - 145. What is the tens digit of k?
9
Let w = -6 - -5. Let z(n) = -6*n**3. What is the units digit of z(w)?
6
What is the tens digit of (-1)/5 + 4277/35?
2
Suppose 83 - 227 = -4*b. What is the units digit of b?
6
Let i = -73 + 112. What is the units digit of i?
9
Let i be 1/(-2*(-3)/24). Let h be (5/i)/((-1)/(-12)). Suppose h = -5*a, 4*a - 15 + 43 = 2*b. What is the units digit of b?
8
Let c = 74 - 41. What is the tens digit of c?
3
What is the tens digit of (-5 - (-249)/(-6))*(-2)/3?
3
Suppose -2*s = -5*l - 20, -2*l + 5*l = 4*s - 12. Suppose s = f - 20. What is the units digit of f?
0
Suppose 2*f = -2*f + 364. Suppose 11 = -5*n + f. What is the tens digit of n?
1
Let n be 0/(-2) - -2 - -1. Suppose -2*l + 20 = n*l. Suppose -3 = -f - h + 6, 0 = -l*f - 2*h + 28. What is the units digit of f?
5
Let t = -3 - -3. Suppose t = 2*z - 4. Let r = 3 - z. What is the units digit of r?
1
Suppose 3*s - 32 = 10. Let c = s + -9. Suppose 0*z = -c*z + 35. What is the units digit of z?
7
Let i(c) = c**2 + 5*c + 3. Let l be i(-5). Suppose 0 = -l*h + 6*h. Suppose -61 = -5*m + 2*v, h = -3*v - 0*v - 9. What is the tens digit of m?
1
Let s = 26 - 14. Let i = -1 + s. Suppose -3*z = 4*u - 35, 0 = -u - 3*z - 0 + i. What is the units digit of u?
8
Suppose -26 = 3*c - 7*c + 5*t, 5*t = -3*c + 2. What is the units digit of c?
4
Let z be 3 + (-1)/((-4)/(-20)). Let t(x) = 9*x**2 + 4*x + 3. What is the tens digit of t(z)?
3
Let d = 16 + 91. What is the hundreds digit of d?
1
Let u be 4/2 - (-24)/8. Suppose 3*w - 78 = 2*a + a, 3*a = u*w - 134. What is the tens digit of w?
2
Suppose 12 = 2*j - x - 1, j - 9 = x. Suppose -2*w + 56 = j*b, b + 2*w = -0*w + 14. What is the units digit of b?
4
Let u = -12 + 17. Suppose n - u - 1 = 0. Let g = 10 - n. What is the units digit of g?
4
Suppose 3*t + 4*q = 58, -2*t + 23 = -2*q + 3. What is the tens digit of (t - -1) + -1 + 0?
1
Suppose 0 = 2*o - 6, -3*s + 2*o - 3*o = -6. What is the units digit of s/(4/3 + -1)?
3
Let f = -107 - -244. What is the units digit of f?
7
Let v = -267 + 450. What is the hundreds digit of v?
1
Suppose -10*n + 2520 + 1170 = 0. What is the units digit of n?
9
Suppose 0 = 2*y, -2*n + 5*y + 0*y = 0. Let u(i) = -i**2 - i + 3. What is the units digit of u(n)?
3
Let w(c) = -c**3 + 3*c**2 + 3*c + 2. Let b be w(3). Suppose u = 2*u - b. What is the tens digit of u?
1
Let p(s) = -s + 1. Let q(c) = -4*c + 5. Let k(w) = 3*p(w) - q(w). Let v be k(-2). What is the units digit of (-38)/v - (-3)/(-6)?
9
Let z be 2/(-3) - 60/(-9). Let f be z*(6/(-4) - -1). What is the units digit of 2/f*(-6 + -3)?
6
Let t = -45 + 108. What is the tens digit of t?
6
Suppose -3*l + 3 = -2*l. Suppose -l*q - 3*q + 156 = 0. What is the tens digit of q?
2
Let v(p) = -7 + 6 + p**2 - 7*p - 5*p**2 - p**3. Let f(z) = z**3 + 4*z**2 + 8*z + 2. Let x(h) = 5*f(h) + 6*v(h). What is the tens digit of x(-4)?
1
Let c(v) = 2*v**2 - 4*v + 7. Let z(u) = -u + 10. Let y be z(7). Let s(x) = x**2 - x + 1. Let b(m) = y*s(m) - c(m). What is the units digit of b(-3)?
2
Let d(a) = a**3 + 2. Let v be d(4). Suppose 3*z - v = -0*z. What is the units digit of z?
2
Let o(b) = -b**2 + 3*b - 4. Let j be o(4). Let d = 22 + j. What is the units digit of d?
4
Suppose 3*v + 4*k - 8*k = 112, 6 = 3*k. Let n = -22 + v. What is the tens digit of n?
1
Let q be (-74)/(-8) - 6/(-8). Suppose -k + 4*n = -0*n - 20, -2*n - q = 3*k. Suppose -2*d = -5*b + 15, k = -3*b - 0*b + 2*d + 9. What is the units digit of b?
3
Suppose -2*m - 3*g = -296, 4*g = 2*m + g - 308. What is the tens digit of m?
5
Let l(p) = -p + 2. Let q be l(4). Let b(j) = -3*j**3 - 4*j**2 - 4*j - 2. What is the tens digit of b(q)?
1
Suppose 4*w - 3*r - 9 = 0, 2*r - 6*r = -w - 14. What is the units digit of w?
6
Let w = 477 - 282. What is the units digit of w?
5
Let r(t) = -t - 1. Let y be r(0). What is the tens digit of (70 + -1)*y/(-3)?
2
Let g = 9 - -56. What is the tens digit of g?
6
Suppose 168 = -19*g + 23*g. Suppose -s = -3*l + 6, 3*s - 2 = -s - l. Suppose -5*f + 2*f + g = s. What is the tens digit of f?
1
What is the tens digit of 30/20 - 497/(-2)?
5
Suppose 6*g - 1489 = 401. What is the units digit of g?
5
Let r = -18 + 42. What is the units digit of r?
4
Let u(v) = -6*v. Let s be u(-1). Let k be (-5 - -4)*22/(-2). Suppose -4*d + b = -k, 5*b = -s*d + 2*d + 41. What is the units digit of d?
4
Let t be ((-13)/2)/(3/6). Let z = t + 21. Suppose -2*o = -5*c + 41, 2*o = -3*c + 7 + z. What is the units digit of c?
7
Let i(q) = -q**3 + 17*q**2 - 12*q - 16. What is the units digit of i(16)?
8
What is the units digit of 2970/27 + 0 + 2/2?
1
What is the units digit of (1251/2)/9*2?
9
What is the tens digit of (-4383)/(-21) - (-6)/21?
0
Suppose -2*h = -4*v - 4, 2*h - 3*h = -4*v + 2. Let r be -28*(h/4 - 2). Suppose 2*d = -0*d + r. What is the units digit of d?
7
Let j(p) = 10*p**2 - 3*p + 11*p**2 + 3 - 9*p**2. Let f be j(2). Suppose 4*s = -s + f. What is the units digit of s?
9
What is the units digit of -2 + 96 + 4 - -1?
9
Let t(g) = 2*g - 3. Let a(l) = -4*l + 7. Let u(v) = -4*a(v) - 7*t(v). What is the units digit of u(5)?
3
Let h be 117/6 - (-1)/(-2). Suppose 4*b - 41 = h. What is the tens digit of b?
1
Let f = 12 + -27. Let w = 22 + f. What is the units digit of w?
7
Let g(f) = -11*f**3 - f**2 + 5*f + 5. Let d(s) = -s**3 - s - 1. Let c(p) = 5*d(p) + g(p). What is the units digit of c(-1)?
5
Suppose 3*p - 74 - 70 = 0. What is the tens digit of p?
4
Suppose 0 = -2*f + 3*f + 3. Let p = 2 + -4. What is the units digit of (p - -2) + (-2 - f)?
1
Let k(n) = 4*n**2 + 11*n + 9. What is the tens digit of k(-5)?
5
Let g be (-22)/(-3)*(-9)/(-6). Suppose -g = -5*d - 2*y + 19, -d = -2*y - 6. What is the units digit of d?
6
Suppose -3*l - 3*d = d - 5, 3*l = -3*d + 6. Let i(x) = 2*x**3 - 3*x**2 - 4*x + 2. Let q be i(l). Suppose -5*f + q = -3. What is the units digit of f?
4
Let y(l) = -l - 2. Let m be y(2). Suppose 0 = -3*n - 4*h - 151, -2*n = -n + 5*h + 65. What is the units digit of m/18 + (-370)/n?
8
Let r be 6/(-9) + 274/6. Suppose -45 = -5*n + 4*c + 1, 5*c = 5*n - r. Suppose 3*u - n = 2*u. What is the units digit of u?
0
Let q be (24/(-7))/((-3)/(-21)). Let t be (-6)/(-8) - 6/q. Let g(u) = 7*u - 1. What is the units digit of g(t)?
6
Let w be 6 - 1 - 1*-1. Let h = w + -4. What is the units digit of h?
2
Let f be (5/(-4))/(2/(-8)). Suppose f*v + 21 = i, -6 = -3*i - 0*i - 4*v. What is the units digit of i?
6
Suppose -5*o - 4*m - 5 = 0, m = -o - 2*m - 12. What is the units digit of (o - -29) + 1 + -2?
1
What is the tens digit of ((-10)/(4/(-4)))/1?
1
Let j = -18 - -10. What is the units digit of j/(-6)*21/2?
4
Let r be -1*(-1 - 0) + -1. Suppose r = 3*q - 9, 67 = 4*p - 2*q + 7*q. What is the tens digit of p?
1
Let g(s) = -2*s - 3. Let m be g(-4). Suppose -m*f = -2*f. Let n = 9 - f. What is the units digit of n?
9
Let r be (1/3)/((-1)/3). What is the units digit of (r - 10)*(2 - 3)?
1
Suppose -r + 8 = z, -z + 5*z = r - 28. Let t(f) = -3*f - 3. Let n be t(-2). Suppose n*d = -0 + r. What is the units digit of d?
4
Suppose -2 - 4 = 3*c. Let m = 4 + c. Suppose 0*d = 4*o + 5*d - 36, -o = -m*d - 9. What is the units digit of o?
9
Suppose 3*x - 20 = x. Suppose -5*q + 55 = 3*v, 0 = 5*q - v - 45 + x. What is the units digit of 4/3*(-5 + q)?
4
Suppose 2*f = f - 11. Let h = f + 22. 